he tens digit of w?
4
Let w(a) = -3 + 1 - a**2 - 4*a - 4*a + 0. Let p(k) = k**3 - 4*k**2 - k - 2. Let n be p(4). What is the units digit of w(n)?
0
Let v = 2 + -3. Let t = 5 + v. What is the units digit of 26/t - (-2)/(-4)?
6
Let b(l) = -4*l**3 - 3 + 3*l**3 + 4*l**2 - 3*l + 9*l. Let w be b(5). Suppose 0*g - w*g = 4*d - 26, 5*d - 3*g = 16. What is the units digit of d?
5
Suppose 0 = -0*p - 3*p - 4*z + 726, -484 = -2*p + 3*z. What is the units digit of p?
2
Let i = -4 - -9. Suppose 17 = -i*y - v, 2*y = -5*v + 10 - 26. Let x(r) = -4*r. What is the tens digit of x(y)?
1
Let f = 36 - 6. What is the tens digit of f?
3
What is the hundreds digit of (871/(-39))/(1/(-12))?
2
Suppose -d = d - 6. What is the units digit of (-8)/(-6) - d/9?
1
Let y = -25 + 30. Let m(h) be the third derivative of h**4/12 - h**3/3 + h**2. What is the units digit of m(y)?
8
Let z(a) = -a - 7. Let p(v) = v + 4. Suppose 4*n = 4 - 16. Let h(c) = n*z(c) - 5*p(c). What is the units digit of h(-4)?
9
Suppose -6*j + 139 = -77. What is the tens digit of j?
3
Let g(j) = j**2 - j. Let z(q) = q**2 - 8*q - 3. Let i(w) = -2*g(w) + z(w). Let r be i(-5). What is the units digit of (3 + 2 - -2) + r?
9
Let j = 26 - 16. What is the units digit of j?
0
Let a = 79 - 44. What is the units digit of a?
5
Let o(q) = 4*q**3 - 4*q**2 - 6*q - 14. Let w(y) = y**3 - y**2 - y - 1. Let a(x) = -o(x) + 5*w(x). Let l be a(0). Let h = -4 + l. What is the units digit of h?
5
Let c = 194 - -145. What is the units digit of c?
9
Let a = 11 - 6. Suppose a*v + 4*h = -15, 3*v + 2*h + 6 + 1 = 0. What is the units digit of v?
1
Let o(p) = p**2 + p - 5. Let u = 9 - 15. What is the tens digit of o(u)?
2
Let o(j) = -j + 7. Let w be o(5). Let v be ((-5)/w)/((-3)/6). Let g = -2 + v. What is the units digit of g?
3
Let u be (-2 - -6) + (1 - 2). Suppose -u*z + 6 = -2*z. What is the units digit of z?
6
Let q(s) = -s**2 - 19*s + 3. What is the units digit of q(-14)?
3
Let r = -8 - -38. What is the units digit of r?
0
Suppose 2 = 4*t + 6. Let u be (t/2)/((-4)/8). Suppose w = u + 6. What is the units digit of w?
7
Let b be (-1 - 0)/(6/(-6)). What is the units digit of ((-12)/b)/((-2)/2)?
2
Let t = 0 - 0. Suppose c + 4*c = t. Suppose 3*i + i - 20 = -4*u, 4*i + 12 = c. What is the units digit of u?
8
Let j be 1/((-6)/7 + 1). Suppose j*f = 2*f. Suppose 0 = o + 3, 0*k - 3*k + 3*o + 24 = f. What is the units digit of k?
5
Let u(r) = r + 8. Let j be u(-8). Let l = 3 - j. What is the units digit of l?
3
Let q(w) = w. Let a be q(2). Suppose -3*l + 6 = 2*t + 2*l, 5*t - 4*l = 15. Suppose -a*c + 3*j + 22 = 0, 3*c + 4*j = -t + 2. What is the units digit of c?
5
Suppose -4*b = -3*b. Let x(o) = -o**3. Let f be x(b). Let t = 3 + f. What is the units digit of t?
3
Suppose 8*n = 4*n + 52. What is the tens digit of n?
1
Let s be (-1468)/(-24) - (-3)/(-18). Let z = -41 + s. What is the units digit of z?
0
Let g(d) = 2*d**2 + d + 5. Let a be g(-4). Let v = a - 12. What is the units digit of v?
1
Let n = 48 + 11. What is the units digit of n?
9
Suppose -3*u = -15 + 6. Let w be (-9)/2*8/u. Let d = w - -19. What is the units digit of d?
7
Let k(f) = 3*f**2 + f + 9. What is the units digit of k(4)?
1
Let l(r) = -4*r - 3. Let w be l(-2). Suppose -5*v = -6*v + 6. Suppose -v*m + w = -m. What is the units digit of m?
1
Let g(d) = -d**3 - 10*d**2 + d + 12. Let c be g(-11). What is the units digit of (-3)/12 - c/(-8)?
5
Suppose -4*q = -7*q + 258. What is the tens digit of q?
8
Suppose -3*h + 4 = -20. Suppose h = -6*j + 2*j. What is the units digit of j*(-1)/2 + 13?
4
Let i = 2 + 0. Let g(x) = -x**2 + 15*x - 15. Let w be g(14). What is the units digit of i + 1 + 0 + w?
2
Let q(h) = -h**2 + 8*h + 4. Let k be q(6). Suppose 0 = o - 0*o, -2*t + 5*o = -k. What is the units digit of t?
8
Let f(q) = q**2 + 5*q + 3. Let p be f(-5). Suppose 4*h + 2*v - 58 = 0, 10*h = 5*h + p*v + 45. What is the tens digit of h?
1
Suppose -6*n = -4*n. What is the units digit of (-36)/(-126)*(14 + n)?
4
Let m(j) = -j - 3. Let x be m(-4). What is the units digit of (18/(3/x))/1?
6
Suppose -t + 3*p + 10 = -p, 19 = -5*t - 3*p. What is the units digit of -3 - 4/t - -4?
3
Suppose -34 = 5*m - 159. What is the units digit of m?
5
What is the tens digit of 3/9 - 1570/(-15)?
0
Let f(b) = -b**2 - 6*b - 4. Let m be f(-4). Suppose 5*x = m*x + 2. What is the units digit of x?
2
Let k(i) = i - 1. Let z be k(-1). Let l(t) = -3*t - 3. What is the units digit of l(z)?
3
Let d = 5 + -2. What is the units digit of d?
3
Suppose v - 154 = -3*c + 3*v, -4*c + 177 = 3*v. What is the tens digit of c?
4
Suppose l + 2 = -l. Let o be (l + -7)/((-6)/9). Suppose o = -y + 3*y. What is the units digit of y?
6
Let f = -48 - -75. Let n be (-6)/(-27) - (-21)/f. Let o = 3 - n. What is the units digit of o?
2
Let s(r) = -r**2 - 2*r - 1. Let j(m) = -2*m**2 - 2*m - 2. Let i(f) = -2*j(f) + 3*s(f). What is the units digit of i(2)?
1
Let o = -2 - -4. What is the tens digit of o/(-12) - 170/(-12)?
1
Let u(m) = -m**2 - 8*m + 11. Let o be u(-8). Suppose -o = -5*h + 9. Suppose -2*g - 5*s + 3 = 0, -h*s - s - 33 = -2*g. What is the units digit of g?
9
Let l(u) = 2*u**2 - u - 2. Let k be l(-2). Suppose -4*m = -0*m - k. What is the units digit of m?
2
Let d(t) = -31*t - 1. Let o be d(-2). Let s be o/4 - 3/(-4). What is the units digit of s/(-6)*6/(-2)?
8
Let u be (-6)/(6/(-8)*2). Suppose -4 - 81 = -5*o + u*c, -5*o = 4*c - 125. What is the units digit of o?
1
Let y(k) be the third derivative of -k**5/60 - 5*k**4/12 - 4*k**3/3 + 3*k**2. Let b be y(-9). What is the units digit of (b + (3 - -6))/2?
5
What is the units digit of (-44)/(-5) + (-5)/(-25)?
9
Suppose -3 = -3*t + 2*v, -3*t + 0*t = 3*v - 18. Suppose -2*n + 18 = -3*l, 1 = -l - t. What is the units digit of n?
3
Suppose 3*d + 3*c - 15 = 0, -d - 5*c + 24 = 3*d. Let n = 0 + d. What is the units digit of n?
1
Suppose 2*q - 5*q - 2*w + 660 = 0, -w = 0. What is the hundreds digit of q?
2
Let m(d) = -d**3 - d. Let u be m(0). What is the units digit of 0 - -1 - (-4 - u)?
5
Let b(y) = y**3 - 3*y**2 - 2. Let g be b(4). Let u = 17 + g. Suppose -u = -5*h + 2*p, -2*p - 11 = -2*h + h. What is the units digit of h?
5
Let b be (19 - 7)*(-14)/(-8). Let w = -10 + 19. Suppose w = 3*j - b. What is the tens digit of j?
1
What is the units digit of 117 + (-1)/((-4)/(-4)) + 0?
6
Let l(z) = -z - 1. What is the units digit of l(-9)?
8
What is the tens digit of (526/28 - (-14)/(-49))*4?
7
Let p(j) = 8*j**2 + j. Let m be p(-1). Let l = m - 5. Suppose g - 5*w - 32 = 0, 9 = 3*g + l*w - 2. What is the units digit of g?
7
Suppose -3*p - 16 = -7*p. Suppose b = -p*b + 125. What is the units digit of b?
5
Let z = 1 + -11. Suppose -3*u - 61 = -y, 5*y = u - 6*u - 135. Let d = z - u. What is the units digit of d?
2
Suppose -5*k + 120 = -10. What is the tens digit of k?
2
Let g = -103 - -257. What is the units digit of g?
4
Suppose 5*q - 3*q = 0. Suppose -4*u - u + 30 = q. What is the units digit of u?
6
Suppose 4*h + 60 = 2*i, 5*i - 29 = 2*h + 17. Let v = h + 18. What is the units digit of v?
5
What is the tens digit of 179 + (24/15)/(12/(-30))?
7
Let o(g) = -g**2 + 5*g + 3. Let q be o(5). Suppose -h - q*h + 76 = 5*v, 5*v - 52 = 2*h. What is the tens digit of v?
1
Let o = -79 - -53. Let s = o - -43. What is the units digit of s?
7
Suppose 0 = 2*p - 4*p. Let i be (0 + p)/(0 + -1). What is the units digit of (i + 2/(-2))/(-1)?
1
Let l be (12/(-10))/((-4)/10). Let j(m) = l*m + 15 + 0*m**2 - m**2 + 2*m**2 - 2*m. What is the tens digit of j(0)?
1
Let d(c) = -c**3 - 18*c**2 + 5*c + 8. Let p(r) = -3*r**3 - 53*r**2 + 14*r + 25. Let s(x) = -17*d(x) + 6*p(x). What is the units digit of s(-12)?
6
Let y be (-14)/(-3) + 5/15. Suppose 0 = u + 4*u - y. What is the units digit of u/((-6)/(-3))*4?
2
Let w(i) = -68*i**3 + i**2 + i + 1. What is the tens digit of w(-1)?
6
Let a = -53 + 131. What is the units digit of a?
8
Suppose -3*y + 6 + 6 = 0. Suppose -y*a - 12 = 4. What is the units digit of 270/(-12)*a/5?
8
Let q(l) = l + 4. Let r be q(-4). Suppose -u + r*u = -7. Suppose -3*k - 14 = -2*w, -3*k + 2*k = -w + u. What is the units digit of w?
7
Let m(h) = h**2 - 16*h + 14. Let i be m(15). Let n = 0 - i. What is the units digit of n?
1
Let h(f) = f**2 + 3*f - 8. Let d be h(-6). Let u(t) = -2*t + d + t + 1 - 2. What is the units dig